 to base 10.
2320586
What is ab23a1 (base 15) in base 5?
4042030301
-14510551 (base 6) to base 15
-a0317
-3200650 (base 7) to base 16
-5e74a
What is -3134541 (base 8) in base 10?
-833889
-38e35d (base 15) to base 7
-32133334
Convert -318119 (base 10) to base 5.
-40134434
Convert 20513105 (base 6) to base 14.
118cdb
Convert -224532214 (base 6) to base 3.
-21210210101001
What is -23373375 (base 9) in base 16?
-adbbe9
What is -44356 (base 9) in base 2?
-111001100001110
36541b5 (base 12) to base 6
1014213145
Convert -101101110101 (base 2) to base 7.
-11360
-26250156 (base 7) to base 12
-978169
-c4416d (base 14) to base 15
-8ab1eb
What is 189ed (base 15) in base 4?
103200001
What is 3ab52 (base 12) in base 10?
81134
What is 34702302 (base 8) in base 11?
4300a18
113505264 (base 7) to base 2
11010110011100111110001
What is 10543325 (base 7) in base 14?
19c985
Convert 110510433 (base 7) to base 4.
121131220320
What is 1121001122 (base 3) in base 5?
2001031
Convert -12554034 (base 6) to base 15.
-84464
-222212210 (base 5) to base 2
-11101110010000111010
Convert 77691 (base 10) to base 5.
4441231
What is 102111135 (base 6) in base 9?
3315735
Convert -358a9 (base 15) to base 4.
-221223111
Convert -2212222121 (base 3) to base 15.
-11ca1
Convert -93732 (base 13) to base 16.
-40aa0
-111101100200 (base 3) to base 14
-6c006
What is -10011210211202 (base 3) in base 13?
-4719c5
Convert 10101000001110100000 (base 2) to base 15.
d9271
What is 60312230 (base 7) in base 15?
689e75
-779879 (base 10) to base 3
-1110121210102
-43185b (base 14) to base 10
-2270937
21d8b2 (base 14) to base 13
31414b
56008 (base 10) to base 7
322201
20102111021220 (base 3) to base 8
15015501
-2332a9 (base 12) to base 7
-4543416
What is 466062 (base 7) in base 16?
14718
-370d07 (base 14) to base 4
-13030030023
What is 35463 (base 14) in base 10?
129839
2345a2a (base 11) to base 9
7627154
Convert -5839089 (base 11) to base 16.
-9bac64
What is -9e3eb5 (base 16) in base 11?
-5943767
Convert 12442525 (base 8) to base 6.
135213141
1111110010001000 (base 2) to base 9
107611
-14232311 (base 8) to base 5
-1311143102
Convert -10442020 (base 6) to base 8.
-1152374
Convert -64601 (base 12) to base 2.
-100000010001100001
Convert -203344540 (base 7) to base 16.
-b6411b
Convert 77264 (base 16) to base 8.
1671144
Convert ed900 (base 15) to base 8.
2701732
-507785 (base 10) to base 16
-7bf89
What is 1114364 (base 8) in base 10?
301300
What is -8245b (base 13) in base 3?
-102212111010
Convert -34234410 (base 5) to base 16.
-4a9c5
Convert 24aa189 (base 11) to base 14.
8123cc
12011000200 (base 3) to base 2
11000101111100101
Convert 7445347 (base 8) to base 6.
110314555
What is -921674 (base 10) in base 14?
-19dc5c
Convert -3b2b08 (base 12) to base 3.
-1211202210222
Convert -4d0808 (base 15) to base 3.
-20221211220222
Convert 165556 (base 10) to base 5.
20244211
What is -53537a (base 11) in base 7?
-10164311
Convert 1225 (base 8) to base 15.
2e1
Convert 79812 (base 10) to base 9.
131430
Convert -165562223 (base 7) to base 4.
-223131220022
1761b69 (base 12) to base 14
90577b
What is -10055 (base 14) in base 2?
-1001011001011011
Convert 124058 (base 9) to base 11.
514aa
What is 12451313 (base 6) in base 8?
1443035
What is -213764 (base 8) in base 12?
-35584
Convert dcae06 (base 15) to base 7.
155246466
Convert 544054 (base 8) to base 2.
101100100000101100
132233201330 (base 4) to base 6
444422112
What is -101201001002 (base 3) in base 16?
-33716
Convert 1365601 (base 10) to base 6.
45134121
-5a1437 (base 12) to base 14
-29bb99
Convert -6269b6 (base 12) to base 10.
-1546266
What is -16389 (base 14) in base 6?
-1105205
What is 100141341 (base 6) in base 7?
20250433
Convert 9310e (base 16) to base 10.
602382
What is 1163331 (base 7) in base 12?
72a10
What is 110011110001101011100 (base 2) in base 7?
20264240
What is 2501520 (base 6) in base 10?
132600
-2011112211 (base 3) to base 9
-64484
What is -77230 (base 9) in base 3?
-2121021000
What is -12067110 (base 8) in base 7?
-31343664
2a8f2e (base 16) to base 10
2789166
What is -56901 (base 11) in base 5?
-10113111
What is 10163376 (base 8) in base 6?
114114450
What is 11000111001101011110 (base 2) in base 15?
111b7b
What is 3378c3c (base 13) in base 11?
8a21232
Convert 2435024 (base 6) to base 5.
13120100
What is 4245575 (base 10) in base 14?
7c7315
Convert 2c3e6 (base 15) to base 14.
39da9
Convert -10144130 (base 5) to base 14.
-22a0a
What is -3804425 (base 9) in base 10?
-2069978
What is 50d848 (base 14) in base 8?
12315030
What is f37f (base 16) in base 4?
33031333
-3177166 (base 9) to base 8
-6401137
What is 5238 (base 11) in base 8?
15432
-28a53b (base 14) to base 4
-11120211321
Convert -88369 (base 10) to base 3.
-11111012221
Convert 74843 (base 12) to base 15.
3062c
Convert 76a62 (base 12) to base 14.
4132a
What is 32421043 (base 5) in base 16?
443e3
564513 (base 7) to base 15
1e9b3
-3314071 (base 8) to base 6
-31032413
-6da0e (base 16) to base 6
-13342514
What is -294c2 (base 15) in base 8?
-403143
What is -611854 (base 10) in base 2?
-10010101011000001110
What is 50471414 (base 8) in base 11?
6011790
1035254 (base 6) to base 5
3123410
What is -42215 (base 9) in base 13?
-c8c6
-3a5572 (base 12) to base 9
-1727355
Convert 1010222220120022 (base 3) to base 7.
260005640
254976 (base 10) to base 13
8c097
What is -3113320344 (base 5) in base 7?
-105164162
What is -320111344 (base 5) in base 13?
-378432
-7463656 (base 8) to base 2
-111100110011110101110
-7476562 (base 8) to base 3
-10202112000012
1822d (base 16) to base 4
120020231
Convert 10230022200 (base 4) to base 16.
12c2a0
Convert -11001100101010011 (base 2) to base 12.
-50783
What is 10000001011110000010011 (base 2) in base 6?
230532551
What is 135493 (base 10) in base 3?
20212212021
22210200303 (base 4) to base 6
135220403
-3a5ac (base 13) to base 12
-52a54
What is 1111111010101000000 (base 2) in base 10?
521536
Convert 1770d20 (base 14) to base 5.
10430101132
What is 22014214 (base 5) in base 15?
3ad8e
62ba4 (base 15) to base 12
131261
102a1a (base 11) to base 4
220101100
Convert -197b9 (base 12) to base 14.
-d901
What is -8503947 (base 10) in base 8?
-40341213
What is 6661554 (base 7) in base 9?
1482226
-4cd73 (base 14) to base 6
-4020041
Convert -108298 (base 14) to base 11.
-352a66
Convert -1460148 (base 9) to base 15.
-10e238
Convert 1022000301 (base 4) to base 2.
1001010000000110001
Convert 268377 (base 10) to base 12.
10b389
Convert -253c62 (base 14) to base 5.
-311402043
1a7b3 (base 12) to base 9
58640
149a371 (base 11) to base 8
11612405
413451 (base 11) to base 3
1020200222120
What is 1077ba (base 13) in base 8?
1365650
What is 67c74 (base 13) in base 12?
91370
Convert -11011011100101111100000 (base 2) to base 3.
-111112120112022
-1242200022 (base 5) to base 13
-83cba7
234433041 (base 5) to base 3
2001112011122
What is 268abb (base 13) in base 11?
588290
Convert 100111011110100100000 (base 2) to base 9.
2381433
What is 12100200 (base 3) in base 16?
f42
Convert -55223 (base 9) to base 7.
-211542
Convert 13350116 (base 7) to base 8.
4563702
-222021222012211 (base 3) to base 12
-481b01a
What is 30b43 (base 15) in base 4?
211230231
Convert 233132440 (base 6) to base 8.
20462450
91a45 (base 11) to base 2
100000110011010111
What is -55ca (base 16) in base 13?
-9cc5
What is -138006 (base 11) in base 7?
-1555440
What is 62101 (base 9) in base 13?
15808
285d6 (base 15) to base 9
216663
What is 89816 (base 10) in base 5?
10333231
What is -10000111101011111000 (base 2) in base 7?
-4503213
Convert 9e6e (base 15) to base 3.
1201010112
78815 (base 9) to base 15
107eb
-3be19 (base 15) to base 2
-101110111010101110
What is 6395a (base 11) in base 2?
10110101101000001
Convert 726032 (base 9) to base 2.
1101001001100010100
What is -1404362 (base 11) in base 5?
-1104442040
What is 149081 (base 10) in base 12?
72335
What is -2202100101011 (base 3) in base 7?
-15303256
84815 (base 11) to base 5
12422221
What is 11c2 (base 13) in base 12?
1564
-29270 (base 12) to base 7
-326223
-1101382 (base 13) to base 3
-100210020022101
4447987 (base 10) to base 16
43def3
What is 48420 (base 9) in base 16?
7ea2
Convert -10101011111110000010011 (base 2) to base 3.
-101121021220002
What is 815357 (base 9) in base 13?
13ba48
Con